r of x and 21.
3
Let f = 1522 - 1486. Calculate the highest common factor of f and 1356.
12
Let u be 4/(-1) - (-18)/(324/90). Suppose 4*z - 28 = 4*c, 3*z - 31 + 4 = -3*c. Suppose -m = -0*m - z. What is the highest common factor of u and m?
1
Let q(z) = -z**3 - 12*z**2 - 3*z. Let y be q(-12). Calculate the greatest common factor of 9 and y.
9
Let w(b) = 3*b**2 + 6*b + 1. Let g be w(-5). Calculate the highest common factor of 23 and g.
23
Let w be (-5 - 9825/(-9))/(2/3). Calculate the highest common divisor of w and 10.
10
Suppose -2*j - 6*u + 2*u = -56, 3*j - 52 = 2*u. Calculate the highest common divisor of j and 460.
20
Let k(q) = -q**3 - 3*q**2 - 5*q - 3. Let i be k(-3). Let t be -10 - -2 - 1/(-1). Let a = i + t. Calculate the greatest common factor of 25 and a.
5
Let o be ((-173)/2 - 1)*(3 + (-2 - 3)). Let y(w) = 5*w**2 - 3*w - 1. Let z be y(-2). What is the highest common factor of z and o?
25
Let t(c) be the second derivative of -c**5/20 - c**4/3 - c**3/2 - 3*c**2 + 17*c. Let p be t(-4). Calculate the highest common factor of 3 and p.
3
Let k be (7 + (-2)/1)/(-1). Let r be 69 - k/((-5)/3). Let a be 2*-3*r/(-44). Calculate the highest common factor of 45 and a.
9
Let a be (-1)/(-4) - (-79)/4. Let u = -422 - -427. Calculate the highest common divisor of u and a.
5
Suppose -106*i = -110*i + 2484. What is the greatest common divisor of 23 and i?
23
Let m = -29 + 33. Suppose 0*c = 3*c + 2*w - 38, 5*w = -m*c + 60. Calculate the highest common factor of 110 and c.
10
Let j = 7 - -1. Let r be (7/2)/(j/48). Calculate the greatest common divisor of r and 231.
21
Let q be (-955)/(-10) + -4 - (-6)/(-4). Suppose -j + g + 8 = 0, -2*j = 2*g + g - 26. Calculate the highest common divisor of j and q.
10
Let t be ((798/9)/7)/((-4)/(-78)). Calculate the greatest common factor of 39 and t.
13
Suppose -3*c - 3 = 0, -2*w + 5*c - 3*c + 56 = 0. Let u = w + 5. Let i = 33 - 17. What is the highest common factor of u and i?
16
Let l = -177 - -192. Let j = -4 + 7. Calculate the highest common divisor of j and l.
3
Suppose 0 = 6*y + y + 189. Let x = 1 - y. Calculate the highest common divisor of 140 and x.
28
Suppose 2*t - 207 = -23. What is the highest common divisor of 46 and t?
46
Let m = 155 - 63. Suppose -11*u + 271 = -m. What is the greatest common factor of u and 55?
11
Let x be 24/(-40) + 196/10. Let z be (-1)/1*(-323)/x. Let k = 264 - 111. Calculate the greatest common factor of z and k.
17
Suppose 9*f - 11*f = 3*m - 131, -4*m - 239 = -3*f. Suppose 0 = -3*l - f + 148. Calculate the highest common factor of l and 225.
25
Suppose 40*f = -240 + 1520. Calculate the highest common divisor of 68 and f.
4
Suppose 19*d - 45 = 14*d. Let n = -159 - -165. What is the greatest common factor of n and d?
3
Let v = 2481 + -2044. What is the highest common divisor of 38 and v?
19
Let g(r) be the first derivative of r**4/4 - 5*r**3/3 + 2*r**2 + 6*r + 2. Let d be g(5). Let y = -1834 + 1847. Calculate the greatest common divisor of y and d.
13
Let h(o) = -o**2 + 6*o + 18. Let p be h(5). Let r = p - -41. What is the greatest common divisor of r and 16?
16
Let t(d) = -2*d**2 + 114*d - 22. Let f be t(27). Calculate the highest common divisor of f and 34.
34
Suppose 18*w = 15*w + 21. Let u be (-1)/(3 - 4) + 9. Suppose u*z = 7*z + 3. What is the greatest common factor of z and w?
1
Let j(u) = -15*u - 21. Let f be j(-31). Calculate the greatest common factor of 37 and f.
37
Suppose f = 5*f + 1668. Let y be f/(-3) + (2 - 0). Let s = -15 + y. Calculate the greatest common divisor of 18 and s.
18
Let j(n) = -38*n**3 - n**2 + 2*n + 1. Let c be j(-2). Suppose -t - 1 = 15. Let g = t + 43. Calculate the highest common factor of g and c.
27
Suppose 0 = 3*k - 2*r - 50 - 33, -4*r - 4 = 0. Calculate the greatest common factor of 171 and k.
9
Let a(b) = 0*b - 2*b + 4*b + 17*b**2 - 1. Let c be a(-2). What is the highest common factor of c and 21?
21
Let n = -15 - -20. Suppose 0 = n*b - 25, -2*c - 3*b = -c - 41. Suppose 5*w = w + 156. Calculate the highest common divisor of c and w.
13
Let w(n) = n**3 + 20*n**2 + 8*n - 87. Let j be w(-19). Calculate the highest common factor of 183 and j.
61
Let v(c) = 2*c + 1. Let g be v(11). Let j(x) = x - x - 5*x**2 - 3*x**3 - 9 - 3*x. Let q be j(-4). What is the highest common divisor of g and q?
23
Suppose 0 = v + 3*q - 212, -44*q = 2*v - 45*q - 396. What is the greatest common divisor of 75 and v?
25
Let m = 14 + -10. Suppose -45 + 24 = -3*p. Let q be (-21)/(-6)*(-4)/p*-10. Calculate the greatest common divisor of q and m.
4
Let q = -4 - 1. Let j be ((-2)/q)/((-16)/(-80)). Suppose 3*p - 37 - 11 = 0. Calculate the highest common divisor of p and j.
2
Let w be 5/(-45) - 3/(135/(-28130)). What is the highest common divisor of 25 and w?
25
Let j = -265 + 281. Calculate the greatest common divisor of 944 and j.
16
Let h be 12/(-18) + (-56)/(-3). What is the greatest common divisor of 9 and h?
9
Let m be (16/(-10))/(-3 - (-42)/15). Suppose m*q + 420 = 13*q. What is the greatest common divisor of q and 12?
12
Suppose -612 = r - 4*r. Suppose -n - 3*y + 31 + 16 = 0, -4*y = -4*n + r. Let j = 83 - n. Calculate the greatest common divisor of 3 and j.
3
Let j be ((-345)/(-46))/(13/6 + -2). Calculate the highest common divisor of j and 120.
15
Suppose w - p - 54 = p, -2*p = 3*w - 154. Suppose 7*k - 4*g = 2*k - 30, 2*k + 12 = 2*g. Let f be (-26)/(3*2/k). Calculate the highest common factor of w and f.
26
Let k be 70/(-805) - (-2210)/23. Calculate the highest common divisor of k and 64.
32
Suppose 0 = -3*d - 3*m + 355 + 494, 2*d - 580 = 5*m. What is the greatest common divisor of d and 38?
19
Suppose 0*t + 48 = 2*t. Suppose t = -3*s - s. Let w(v) = 6*v**2 + 15*v + 9. Let y be w(s). Calculate the highest common factor of 15 and y.
15
Suppose 3*h - 63 = -2*m, 4*h = -4*m - h + 129. Let u be (m/(-3))/4 + -1. Let i be 10*1 + (-6 - u). Calculate the highest common divisor of 2 and i.
2
Let g be (-1)/((-55)/(-44)) - (-264)/5. Calculate the highest common factor of 52 and g.
52
Let s(n) = 10*n + 1. Let q be s(-3). Let a = 6 - q. Suppose -r + a = 5*k, -4*r = -6*r. Calculate the highest common divisor of k and 63.
7
Let x(o) be the second derivative of -o**4/12 + o**3 + 17*o**2 - 33*o. Let l be x(8). Calculate the greatest common factor of l and 81.
9
Let p be 3*4/12*11. Let x(i) = -i. Let q be x(-7). Suppose -5*g + q*g - 22 = 0. Calculate the greatest common factor of g and p.
11
Let y(d) = 4*d**2 - 9*d. Let j be y(8). Suppose 38 = -8*m + 222. What is the highest common divisor of m and j?
23
Let q = 17 - 13. Let f(s) = -s**3 + 4*s**2 + 2*s - 6. Let a be f(q). Suppose a*y - 18 = -4*d, 27 = 3*y - 3*d - d. What is the highest common factor of 9 and y?
9
Let l(q) = -q**3 - 1. Suppose c + 0*n + 4*n = 3, 2*n = 2*c + 14. Let t be l(c). Calculate the greatest common factor of t and 31.
31
Let j = 1103 - 128. What is the highest common factor of j and 75?
75
Let n be 9/(-3) - -36 - 3. Let f = -10 + 16. Let y(s) = -s**2 + 8*s. Let h be y(f). Calculate the greatest common factor of n and h.
6
Suppose -3*h - 2*u - u = -414, 4*u = -3*h + 412. Suppose 2*k = 2 + 4. Suppose 68 = 5*w + 2*x, -x - 3 + 44 = k*w. What is the greatest common divisor of w and h?
14
Suppose 1554 = -5*j + 12*j. Suppose 5*m + j = 717. What is the greatest common factor of 9 and m?
9
Suppose r + 5*h - 4 - 10 = 0, 4*r - 5*h = -19. Let i = 4 - r. Suppose i*p - 326 - 199 = 0. Calculate the greatest common factor of 15 and p.
15
Let x be (12/(-7))/((-1)/7). Suppose -200 = -4*i + 8*i. Let c be 20/i - 14/(-20)*52. What is the greatest common factor of c and x?
12
Suppose -r - r + 8 = 0. Let a be 208 - (0 - 0/((-16)/r)). Suppose 4*g - 129 + 25 = 0. What is the greatest common divisor of a and g?
26
Let k = 579 - 491. Calculate the greatest common factor of k and 242.
22
Let q = 39 - 39. Suppose q*m + 5 = m. Calculate the greatest common factor of m and 55.
5
Let r(w) = -w**2 + w. Let h be r(0). Suppose 2*q - 6 = -h. Suppose -2*c + 3*d = c - 129, -q*d - 209 = -5*c. What is the greatest common factor of 8 and c?
8
Suppose -3*w + 171 = -1482. What is the greatest common factor of w and 19?
19
Suppose -n - 24 = -21. Let y be (-119)/n - (-7)/21. Let f = y + -26. What is the highest common factor of 112 and f?
14
Suppose -6*k + 46 